 o prime?
True
Suppose 49 - 7 = -2*a. Is 70/a*66/(-4) a prime number?
False
Suppose -f = -5*u - 1 + 17, 5 = f + 2*u. Let m(i) = -105*i. Let z be m(f). Let k = -14 + z. Is k prime?
False
Let f = -41 + -25. Let l = f - -104. Is l a composite number?
True
Let r be (-8)/6*(-36)/8. Suppose -111 = 3*t - r*t. Is t a composite number?
False
Suppose -5*d = 3*s - 54 - 5, -2*d = -3*s - 32. Let k = -10 + d. Is k a composite number?
False
Let q = -895 - -348. Let r = -336 - q. Is r composite?
False
Suppose 2*f - 5*f + 78 = 0. Let h = 13 + f. Is h a prime number?
False
Let n be (2/4 - 0)*628. Suppose -2*u + n = v + v, 0 = -4*u. Is v prime?
True
Let t(i) = 275*i**2 - i - 3. Is t(-2) composite?
True
Let q(l) = l**2 - 9*l - 5. Let x be q(6). Let b = -4 - x. Is b a composite number?
False
Suppose 5*t = 6*t - 691. Is t prime?
True
Let l(b) = b + b**2 + 4*b**3 + 9 - 2*b**2 + 2*b**2 - 5*b**3. Let v be l(0). Let g = 1 + v. Is g a composite number?
True
Suppose j - 5*o + 46 = 115, 0 = -4*j + 5*o + 306. Is j a prime number?
True
Let m = 6 - 4. Suppose 4*b = m*b. Suppose h - 3*p = 19, b*h + 2*h - 38 = 2*p. Is h a prime number?
True
Let h be 6*(-3 - 26/(-6)). Is (2/(-4))/(h/(-3568)) composite?
False
Suppose -5 = -9*i + 4*i. Suppose 3 = 2*v - i. Suppose w = v*w - 127. Is w a prime number?
True
Suppose 51 - 1233 = -2*v. Is v prime?
False
Suppose -5*i = -4*i - 37. Is i a composite number?
False
Is 4/(2/12 - (-778)/(-4812)) prime?
False
Suppose 2*c - 5*c + 9 = 0. Suppose -c*m - 3*a + 45 = 3, 0 = 3*m - 5*a - 42. Is m composite?
True
Suppose -28 = 3*r - 5*r. Let g = 27 - r. Is g a prime number?
True
Suppose -2*j = 10, -q + 2 = -j - 5. Let p be 0 - ((-4)/q - -2). Suppose 4*d - 5*y - 301 = p, -3*y + 2*y + 398 = 5*d. Is d composite?
False
Let f be (-1)/(4 + 21/(-6)). Let p(d) be the second derivative of 16*d**4/3 - d**3/6 - d**2/2 - d. Is p(f) a composite number?
False
Let x(h) = -26*h + 3. Let c be x(6). Let l = c - -268. Is l a composite number?
True
Let t(n) = n**2 + 3*n + 1. Let d be t(-4). Suppose -5*a - d*p = -0*a - 105, -3*p - 89 = -5*a. Is a a prime number?
True
Let c(x) = -x**3 + x**2 + 4*x + 4. Let j(l) = -l**3 + 4*l + 3. Let z(q) = 3*c(q) - 4*j(q). Let h be z(-4). Suppose 3*n - 33 = -h*n. Is n a composite number?
False
Let i = 299 + 80. Is i composite?
False
Suppose 3*o + 4803 = 6*o. Is o prime?
True
Suppose 0 = -0*m + 3*m - 3. Is (m - (-259 + 3)) + 2 a prime number?
False
Suppose 5*x - 32 = 5*v + 3, 5*x - v - 19 = 0. Is x*((-530)/(-6) - 2) a composite number?
True
Let y be ((-12)/(-8))/((-3)/(-594)). Suppose -2*a = 3*b + b - 392, 3*b - y = -3*a. Is b a prime number?
True
Suppose 0*c + 2*c - 50 = 0. Let b be (15/2)/((-3)/(-48)). Suppose -5*w - 3*d = -b, c = -3*d + 8*d. Is w composite?
True
Let g = 83 - -3026. Is g composite?
False
Suppose -11 = -4*s + 33. Is s prime?
True
Is 10142/(-66)*(-42)/2 composite?
True
Let y = -3 - -4. Let s be -2 - y*124/1. Let t = s + 211. Is t prime?
False
Let z(n) = n**3 + n**2 - 5*n + 1. Suppose 24 = -5*p + 4*k, -p - 2*p + 5*k = 17. Let g be z(p). Let b = g - -50. Is b a composite number?
False
Let k be (-19)/2*(-48 + 16). Let z = k - 217. Is z prime?
False
Let f(j) = 12*j**3 - j - 3. Is f(2) prime?
False
Is (2 - 17565/20)*-4 a prime number?
False
Let c(a) = -20*a - 7. Is c(-6) prime?
True
Let z = 25 - 13. Let t = z - 6. Let a(h) = 11*h - 4. Is a(t) a prime number?
False
Let h = 2371 + 624. Is h a composite number?
True
Suppose 3*n - 99 = -4*g, 3*n - 2*n - 5*g - 52 = 0. Is n a composite number?
False
Suppose -4*m + 2*m = -40. Let d = 33 + m. Is d a composite number?
False
Let i = 2 + -1. Is 10/i*(-23)/(-2) composite?
True
Let v be (-2 + 0 + -1)*-1. Suppose 0 = -2*y - v*d + 65, -3*y = 4*d + 36 - 133. Is y a composite number?
False
Is 723/(93/21 - 4) composite?
True
Let k(u) = 7*u**2 - u - 1. Suppose 3*d = -2*d - 3*s - 2, -2*s - 8 = 0. Suppose -3*i = 2*q - 19, d*q - 15 = -q. Is k(i) composite?
False
Is 1/(1 + 824/(-826)) prime?
False
Suppose -1818 = -3*p + 2*p. Let d be p/(-15) - (-2)/10. Let s = -78 - d. Is s composite?
False
Let b(s) = -s**3 + 13*s**2 + 17*s + 10. Is b(9) a composite number?
False
Suppose -6*g = -3*g. Suppose -l = 2*o - 255, g = 5*o + 2*l - 1016 + 379. Is o a prime number?
True
Let l(k) = -4*k - 5. Let r be l(-2). Suppose -r*w + 123 = -s - 542, 2*s = -w + 231. Is w prime?
True
Let x = -6 + 11. Suppose -10 + 0 = -x*m, 4*g - 2*m = 160. Let k = -20 + g. Is k a composite number?
True
Suppose i + 16 = -3*i, b - 2049 = -i. Is b composite?
False
Let k = -20 + 22. Suppose 105 = k*w - r, -2*r - 9 = -w + 42. Is w composite?
False
Suppose -3*j - 9 = 3*w, 5*w - 5*j = -7 - 8. Let u = 16 + -26. Is (u/w)/(4/12) a prime number?
False
Is -47*-2*(-5)/(-10) a prime number?
True
Let u be (-20)/(-8)*2/1. Let g(w) = 38 - 4*w + u + 5*w - w**2. Is g(0) prime?
True
Let u(p) = p - 1. Let m be u(-4). Let y(c) = -995*c**2 + 4*c + 3. Let f(l) = -498*l**2 + 2*l + 1. Let a(j) = m*f(j) + 2*y(j). Is a(1) a prime number?
True
Suppose -4*q + 2*s = -1230, 0 = -0*q - q - 2*s + 295. Is q prime?
False
Let v(k) = -757*k**3 - 3*k**2 - 1. Is v(-1) composite?
True
Let l = 3 - 1. Let p(a) = 71*a + 1. Is p(l) a composite number?
True
Suppose 3*n = 149 - 1553. Is n/(-24)*14/3 a composite number?
True
Suppose -4*m + 3*x = -176, 3*m - x = -2*m + 220. Suppose 0*d - 2*d + m = 0. Is d prime?
False
Let l(t) = -2*t - 4. Suppose -2*g + 4 = 12. Let v be l(g). Suppose -v*o + 106 = -2*o. Is o a composite number?
False
Suppose 95 + 120 = 2*t + l, 15 = 5*l. Is t a composite number?
True
Let j(l) = l**3 + l**2 - 2*l + 1. Is j(7) prime?
True
Let v = -340 - -539. Is v prime?
True
Let u = 6 - 10. Let n be 8/6 + 1/(-3). Is (19/u)/(n/(-4)) a prime number?
True
Suppose 7*g - 143 = 6*g. Is g a prime number?
False
Suppose 0*s + s = 131. Is s prime?
True
Suppose -2*h + 1368 = 2*x, -20 = -x + 5*x. Is h composite?
True
Suppose 2*u - 635 = -u + 2*f, u - 2*f = 205. Suppose 0*n + u = 5*n. Is (-1 - 2) + -1 + n a prime number?
False
Let i(f) = 35*f**2 - 4*f - 10. Is i(-3) a prime number?
True
Let x(g) = -13*g - 10. Is x(-13) a prime number?
False
Let q(h) = -100*h + 23. Is q(-11) composite?
False
Suppose 0 = -4*t - 0*t + 3*j + 2087, 5*j + 1568 = 3*t. Is t prime?
True
Let c be -2 + (2 - (-2 - 3)). Suppose -4*o = 2*i - 370, o - c*i - 79 = -i. Suppose o = -g + 2*g. Is g a prime number?
False
Let y(s) = -s + 14. Let p be -2 - 2/(-4)*26. Is y(p) prime?
True
Suppose -1356 = -4*d - 352. Is d a composite number?
False
Let q(c) = -221*c**3 + 4*c**2 + 3. Let g be q(3). Is 2/(-6) - g/18 a prime number?
False
Let d be -2 + 0 - (-6 - -1). Suppose c - 77 = 3*v - v, 3*v - d = 0. Is (-9)/27 + c/3 a prime number?
False
Let v(f) = -2*f**2 - 5*f + 4. Suppose 6 = -5*b - 14. Let g be v(b). Is 10*11 - (g + 5) a composite number?
False
Is 991/3*6/2 composite?
False
Let x = 386 - 39. Suppose 4*a = 2*o - 434 - 244, 0 = -o + 4*a + x. Is o a prime number?
True
Let d = 756 + -402. Suppose 4*n = -2*n + d. Is n a prime number?
True
Let n = 155 - 217. Let l(y) = y**3 + 5*y**2 - 8*y + 9. Let h be l(5). Let j = n + h. Is j a composite number?
False
Suppose 0 = c - 1 - 3. Suppose 9 = h - c. Suppose 2*v - 61 = h. Is v a prime number?
True
Let r = -641 - -1417. Suppose -4*c + 0*c + r = 0. Is c prime?
False
Suppose -3*k + 336 = -135. Let j = 284 - k. Is j prime?
True
Let u(h) = -30*h + 6. Let r be u(6). Let n = r - -293. Is n a prime number?
False
Let j(d) = -2*d + 9. Is j(0) a prime number?
False
Suppose -5*f = -f + 64. Let g = f + 30. Is g a prime number?
False
Suppose -4*o - 904 + 13 = -3*k, -2*k + 3*o = -595. Is k a prime number?
True
Suppose 2*l = 725 - 219. Is l a composite number?
True
Is 1*1732 - (5 - 4)*-1 prime?
True
Let a(y) = -y**3 + 9*y**2 - y + 3. Let d be a(9). Is d*(7/(-3) - 0) composite?
True
Let h = -2383 - -5090. Is h a prime number?
True
Let a(d) = d - 2. Let z be a(5). Let i be z/6*-2*-71. Let k = i - 48. Is k a composite number?
False
Let l = 9 - 4. Suppose -120 = -l*i + 170. Is i prime?
False
Let d(r) = -18*r - 13. Is d(-9) composite?
False
Suppose -3*y + 5*m = -7, 5*y - 16 - 3 = m. Suppose -d - y*r = -9, 3*d + 0*r - 12 = 3*r. Suppose 5*s = -2*k + 228, d*s - 3*k = 2*k + 235. Is s composite?
True
Let t(p) = -8*p**2 + 14 + 0 + 7*p**2. Is t(0) a prime number?
False
Let r(a) = -a**3 - 14*a**2 + 16*a + 19. Le